ase 8, what is -251 - 35042?
-35313
In base 14, what is 4 - 230962a?
-2309626
In base 5, what is -24 + 3133212400?
3133212321
In base 16, what is -14 + 189ff8a?
189ff76
In base 4, what is 11 - 1000311222303?
-1000311222232
In base 9, what is -2 + -1208346?
-1208348
In base 16, what is -112bdc2 - 7?
-112bdc9
In base 11, what is -85 + 563135?
563060
In base 14, what is 58 - 1007b5?
-10075b
In base 5, what is -2112210430 - 41?
-2112211021
In base 6, what is -200155 - -21552?
-134203
In base 13, what is 6 - 3c99921?
-3c99918
In base 6, what is 2054403 + 15?
2054422
In base 11, what is -3a6 + 19814?
19419
In base 5, what is -1144 + -1024123122?
-1024124321
In base 2, what is 100100101110000011010010001 + -101?
100100101110000011010001100
In base 12, what is 1008742 - 1?
1008741
In base 6, what is 2513 + -34230552?
-34224035
In base 13, what is 5 + -296aabcb?
-296aabc6
In base 7, what is 25 + -14306043?
-14306015
In base 2, what is -10000 - -1101001100001100100?
1101001100001010100
In base 15, what is 80c0 + -8d0?
76e0
In base 7, what is -46402 - 15612?
-65314
In base 13, what is 45758 + 9?
45764
In base 9, what is 3760072 + -20?
3760052
In base 2, what is -1101000011 - 100000101100?
-101101101111
In base 14, what is -a - -72d77d?
72d773
In base 10, what is 70 - 254551?
-254481
In base 15, what is 530c89d + -3?
530c89a
In base 5, what is 3 + -1024102010?
-1024102002
In base 11, what is 12759aa1 - -23?
1275a014
In base 2, what is 110100 + 110101101011001?
110101110001101
In base 12, what is 5a4b100 - -2?
5a4b102
In base 14, what is -1886c758 + -2?
-1886c75a
In base 14, what is 1b7 - -9013d?
90316
In base 5, what is -4 - -3424114432?
3424114423
In base 6, what is -4041034 + 1214?
-4035420
In base 3, what is -121111222222202 + -11?
-121111222222220
In base 16, what is 1174 + 15a0?
2714
In base 8, what is -4 + 136735074?
136735070
In base 16, what is 8 - -12cd39?
12cd41
In base 14, what is -147169 + -9?
-147174
In base 16, what is 1 + 105a16?
105a17
In base 16, what is 45 + -7983?
-793e
In base 8, what is 5141463 + 3?
5141466
In base 15, what is 1 - -908d5bd?
908d5be
In base 3, what is -1 + 212102002011112?
212102002011111
In base 12, what is -79974 + -334?
-7a0a8
In base 15, what is -29 - 1a7e7?
-1a821
In base 2, what is 100 + 111001000110111110?
111001000111000010
In base 8, what is 17473256 + 0?
17473256
In base 5, what is -3 + -1411310044021?
-1411310044024
In base 8, what is 711445 - 107?
711336
In base 11, what is 39762a873 + 5?
39762a878
In base 11, what is 8 + -1094591?
-1094584
In base 10, what is -916876995 + -2?
-916876997
In base 6, what is 24400 + -22040?
2320
In base 8, what is -420541 + -534?
-421275
In base 16, what is 330 - -b17c0?
b1af0
In base 11, what is -13 + 4137398?
4137385
In base 11, what is 5592 + -14680?
-a099
In base 7, what is 663 - -5446660?
5450653
In base 16, what is 1900d5e - -3?
1900d61
In base 11, what is 555a92 + 6a0?
556682
In base 3, what is -212021212110121122 + 2?
-212021212110121120
In base 16, what is -171 - -4925?
47b4
In base 14, what is -72d + -115031?
-115760
In base 3, what is 11120 - -1200211222?
1201000112
In base 16, what is -11eae + -2d?
-11edb
In base 10, what is -6143 + -29851?
-35994
In base 2, what is -111010011000 + 10100111?
-110111110001
In base 3, what is 101212020 + -101002202?
202111
In base 4, what is -133133301322 + -31?
-133133302013
In base 16, what is 5 + -c2b98?
-c2b93
In base 2, what is -10 + -111110100110111011000010?
-111110100110111011000100
In base 6, what is 122432455 + -1?
122432454
In base 16, what is 48 + -183be?
-18376
In base 10, what is -33553 - -351?
-33202
In base 13, what is -c - -4a5004?
4a4cc5
In base 8, what is 2252 + -63241?
-60767
In base 12, what is 2256549 - 89?
2256480
In base 9, what is -5 - 450757?
-450763
In base 3, what is 1110 + -120202211000?
-120202202120
In base 6, what is -24244425 + 10344?
-24234041
In base 6, what is 2 + -14431022255?
-14431022253
In base 11, what is -133 - 89346?
-89479
In base 8, what is 310647 + -640?
310007
In base 11, what is -897 + 447141?
446355
In base 14, what is -11c027 + d2?
-11bd35
In base 10, what is 546477 + -22?
546455
In base 5, what is -1231000 - -322?
-1230123
In base 15, what is 2ce3 + 10b?
2dee
In base 10, what is 944 + 347377?
348321
In base 6, what is 324521 - 2321?
322200
In base 5, what is -2133 + -122124120?
-122131303
In base 5, what is -32230 + -22040002?
-22122232
In base 7, what is 14 - 51350400?
-51350353
In base 13, what is -10 - 2ac3712?
-2ac3722
In base 16, what is 486f81 + 6?
486f87
In base 16, what is -47461a0 + -3?
-47461a3
In base 15, what is a + 128e74?
128e7e
In base 12, what is 1649 + -12a58?
-1140b
In base 2, what is -10000010100101111000100 - 11?
-10000010100101111000111
In base 4, what is -212 + 301130023230?
301130023012
In base 12, what is -338b4114 + -5?
-338b4119
In base 11, what is 727a + 64996?
71165
In base 13, what is 6a0820 + 1?
6a0821
In base 7, what is -125 - -22534155?
22534030
In base 15, what is -95 - -e5c26?
e5b81
In base 10, what is 1 - -749741?
749742
In base 12, what is -452740 + -205?
-452945
In base 16, what is cdabbe1 - 1?
cdabbe0
In base 13, what is 4 - 5352c09?
-5352c05
In base 15, what is -187 - -c8c?
b05
In base 16, what is -23df8 + 28?
-23dd0
In base 10, what is -123933542 + -5?
-123933547
In base 3, what is -12111122 + 20021221?
210022
In base 10, what is -2164 - -340?
-1824
In base 3, what is 102 - 1102202211001112?
-1102202211001010
In base 6, what is 354452402 + -5?
354452353
In base 5, what is -2230044000 + 44?
-2230043401
In base 15, what is 7c4a10 + 2?
7c4a12
In base 13, what is 12a - 154239?
-15410c
In base 6, what is 543243 + 53025?
1040312
In base 4, what is -11 + 333020010?
333013333
In base 5, what is 3134433003 + -1?
3134433002
In base 14, what is -1b60a2 + b?
-1b6095
In base 14, what is 242 - 3ac3?
-3881
In base 8, what is -17352060 + 17?
-17352041
In base 4, what is 200220100 - 12202?
200201232
In base 11, what is 4 - 1284876?
-1284872
In base 9, what is -154332 + -144?
-154476
In base 11, what is -3727 + -8492?
-11109
In base 4, what is 2 - 11313313002?
-11313313000
In base 9, what is -6876 - -500751?
482764
In base 9, what is 50000 - -706?
50706
In base 14, what is -1353b + 6ab?
-12c70
In base 2, what is 0 - -10001100000000101010111000?
10001100000000101010111000
In base 9, what is 2230 + -6133?
-3803
In base 13, what is -336 + -13942?
-13c78
In base 7, what is 1254454106 + 4?
1254454113
In base 8, what is -267633 - 327?
-270162
In base 14, what is 51411 - -1b8?
515c9
In base 5, what is -31411120401 + 14?
-31411120332
In base 14, what is -388 + 1921?
1577
In base 16, what is -75c33d - -7?
-75c336
In base 8, what is 133 + 3221615?
3221750
In base 11, what is -48 - -2190a6?
219059
In base 11, what is 5 + 638117?
638121
In base 16, what is 15 + -13b2d6?
-13b2c1
In base 10, what is 2 + -17816958?
-17816956
In base 11, what is -8615651 + 4?
-8615648
In base 3, what is 10200120121 + -102012?
10200011102
In base 2, what is -11011110000011101011100 + -1000?
-11011110000011101100100
In base 14, what is -28 + -20b001?
-20b029
In base 4, what is -110330030 - 300?
-110330330
In base 8, what is -13 - -51061033?
51061020
In base 16, what is 8 + 65176?
6517e
In base 9, what is 2 + 11463404?
11463406
In base 15, what is 74e7 - -143?
763a
In base 5, what is 1303 + -20003032?
-20001224
In base 16, what is -37 - 16289c?
-1628d3
In base 2, what is -101001111000011001 - -11100011111?
-101001011011111010
In base 2, what is -101010101010001111111 + 1011000?
-101010101010000100111
In base 10, what is -5 - 62398514?
-62398519
In base 9, what is 11810674 + -1?
11810673
In base 13, what is 10 + 257257?
257267
In base 2, what is -1100 + -11011001110011110100?
-11011001110100000000
In base 12, what is -20b50 - -2ba?
-20852
In base 10, what is -81049457 - 2?
-81049459
In base 10, what is -249691455 + -2?
-249691457
In base 10, what is 195091 + 471?
195562
In base 15, what is 71 + -2423b7?
-242346
In base 3, what is 2110221112100 + -120?
2110221111210
In base 6, what is -4224 - -10334?
2110
In base 9, what is -133624722 - 3?
-133624725
In base 2, what is 10000010111 + -11001111111001?
-10111111100010
In base 12, what is 6186871 + -6?
6186867
In base 9, what is 138364017 + 5?
138